-44)). Suppose 105 - z = -4*y. What is the units digit of ((-2)/(-3))/((-4)/y)?
3
Let s(d) = d**2 + 8*d - 7. Let z be s(-9). Let l(p) = -7*p**2 + 0 + 7*p**2 + 4*p - 3 + z*p**2. What is the units digit of l(2)?
3
Let t be 6/15*(3 - -2). Let w = 3 + t. Suppose -w*z + 47 = 2. What is the units digit of z?
9
Let h(a) = -a**3 - 4*a**2 + 1. Let j be h(-4). Let t(d) be the first derivative of 10*d**3/3 + d**2/2 - d - 3. What is the tens digit of t(j)?
1
Suppose -5*n + 305 = -q + 6*q, 2*n = -q + 62. What is the tens digit of q?
6
Let l(p) = p. Let b(z) = -6*z. Let g(d) = -b(d) - 5*l(d). Suppose -3*i + 2*i = -6. What is the units digit of g(i)?
6
Suppose 2*h + 249 = 6*l - l, -5*h + 15 = 0. Suppose 4*a = 69 + l. What is the tens digit of a?
3
Let j(b) = -b - 12. Let p be j(-7). Let i(f) = -f**3 - 3*f**2 + 8*f + 3. What is the tens digit of i(p)?
1
Suppose -4*x = c - 8, -2*x + 0 = -c + 2. What is the units digit of -1*(-3 + (-3)/x)?
6
Let h = 81 + -5. What is the tens digit of h?
7
Let u be (1/2)/(1/6). Let g = 15 + u. What is the tens digit of g?
1
Suppose -4*s = -5*s. Suppose 3*p + 2*p - 245 = s. What is the tens digit of p?
4
Let y(r) be the first derivative of -r**3/3 + 2*r - 6. What is the units digit of y(1)?
1
Let i = 6 + 21. Suppose 0 = -2*k - 2*j + 34, 3*k - 3*j - i = -0*j. What is the tens digit of k?
1
What is the tens digit of (4*(-85)/(-20))/1?
1
Let c = -21 + 14. Let x = -4 - c. What is the units digit of x?
3
Suppose 6*p - p = 3*q - 12, -5*q - p = 8. Let y(c) = 48*c**2 + c. What is the units digit of y(q)?
7
What is the tens digit of 0 + 120 + 0/(-3 + 5)?
2
Let d(u) = u**2 - 2. Let y(k) = k**2 - 2*k - 5. Let l be y(4). Let s be d(l). Suppose -2*z + 25 = s. What is the units digit of z?
9
What is the units digit of -2 - (2 + 52/(-4))?
9
Let x = 31 - 21. Let h be 2 - x - 0/2. Let v = h - -18. What is the units digit of v?
0
Let z(r) = 4*r**3 - r**2 - 3*r - 2. What is the tens digit of z(3)?
8
Suppose -5*u - 1 = -16. Suppose m - u = 22. Suppose 4*k + g - 23 = 0, -g + 6 = -3*k + m. What is the units digit of k?
6
Let s = -6 + 9. What is the units digit of (10/6)/(s/9)?
5
Suppose -5*v - x = -6*x + 25, -4*v + 20 = 4*x. Let m = v + 5. Suppose 5*l - 35 = 6*u - 3*u, -m*l - 2*u + 10 = 0. What is the units digit of l?
4
Let m = 3 + -3. Suppose m*c = 5*c - 120. Suppose -i + 5*i - 24 = 4*n, -3*i = -5*n - c. What is the units digit of i?
3
Let m(i) = -i**2 + 5*i + 2. Let k(f) = 2*f - f - 2*f + 9. Let y be k(5). What is the units digit of m(y)?
6
Let y = -9 - -8. Let a be (y + 1)/3 - 2. What is the units digit of (12 - 2)*a/(-4)?
5
Let l = -2 + -1. What is the units digit of -1 - -11 - (l - -5)?
8
Suppose 5*o = 9 + 6, -4*o = 3*p. Let u(g) = g**3 + 6*g**2 + 6*g + 1. What is the units digit of u(p)?
9
Suppose 5 = -3*v + 23. Suppose 0 = -2*t + 20 + v. What is the tens digit of t?
1
Let b = 335 - 182. What is the units digit of b?
3
Let m be 2 + 1/(-1) + 0. Suppose -k - m = 5. What is the tens digit of k/4*-1*8?
1
Suppose -3*f + 21 = -r, -2*r = r + 2*f + 8. Let u = 10 + -14. What is the units digit of (u/r)/(2/12)?
4
Suppose 0 = -5*j + 43 + 157. Suppose 0 = 3*u + u - j. What is the units digit of u?
0
Suppose 4*b - 42 - 282 = 0. What is the tens digit of b?
8
Let a = 9 - 9. Let q be 1 - (2 + a/3). Let k(f) = 2*f**2 - 2*f - 1. What is the units digit of k(q)?
3
Let x be (2*-1)/(2/(-7)). Let f(g) = 0 + x - g + 6. What is the units digit of f(11)?
2
Suppose 3*f = -0*f + 273. What is the tens digit of f?
9
Let x be (1 - 6)*(-7 - -5). Suppose 0 = -5*n - 3*t + 9 - 3, 5*t - x = 2*n. What is the units digit of (n - -6)/(-1 + 2)?
6
Suppose -32 = 2*w + 4*c, 2*w - 5*c - 44 = 5*w. Suppose 2*q - 31 = -4*a + 27, 24 = 3*a - 5*q. Let l = w + a. What is the units digit of l?
5
Let b(v) = -v**2 - 24*v. What is the hundreds digit of b(-11)?
1
Let f(m) be the second derivative of 0 + 2*m**2 + 1/12*m**4 + m + 1/3*m**3. What is the units digit of f(-3)?
7
Let p(g) = -15*g**2 + 2*g - 1. Let z(q) = q**2. Let j be z(1). Let w be p(j). Let f = 26 + w. What is the units digit of f?
2
Let u = 22 + -32. Let j be 4/u*1*5. Let o = 0 - j. What is the units digit of o?
2
Suppose v + 85 = 5*k, 0 = k + 4*v - 12 - 5. Suppose -w = -6 - k. Let f = -16 + w. What is the units digit of f?
7
What is the tens digit of ((-14)/35*-10)/(2/43)?
8
Suppose 3*u = 97 - 19. What is the units digit of u?
6
Let m be 4/6 - 6/9. Let v(c) = 1 + 1 - c**3 + 4. What is the units digit of v(m)?
6
Let k(d) = d**2 + 3*d - 1. Let x(b) = -5*b**2 - 16*b + 6. Let r(s) = s - 8. Let n be r(10). Let l(v) = n*x(v) + 11*k(v). What is the units digit of l(-3)?
7
Suppose 4 = -2*c, q + 4*c = -3*q - 28. Let f = q - -9. What is the units digit of f?
4
Suppose -19 - 445 = -8*n. What is the units digit of n?
8
Let f(g) = g**2 - 7*g - 49. What is the tens digit of f(13)?
2
Suppose -4*i + 3 = -u, -7 = -6*u + 2*u - 3*i. Suppose -u + 7 = 2*r. Suppose -2*d - z = r*d - 53, -2*d = 3*z - 29. What is the tens digit of d?
1
Let a(s) = -3*s - 3. Let h be a(-3). Let d = h + 9. Suppose 0*o = -5*o + d. What is the units digit of o?
3
Suppose 0 = 2*w + w - 609. What is the hundreds digit of w?
2
Suppose 2*s + 695 = 3*u + 2*u, 0 = -5*u - 3*s + 720. What is the tens digit of u?
4
Let o(j) = 5*j + 2. What is the units digit of o(4)?
2
Let a be (6/8)/((-1)/8). Let o be (-1 - a/4)*0. Suppose -3*t = -7*t, -5*m - 5*t + 20 = o. What is the units digit of m?
4
Suppose 3*m + m = 0. Let w(g) = -g - 4. Let v be w(m). Let d = v + 9. What is the units digit of d?
5
Suppose -3 = -q + u, 0*q + 3*q + 4*u - 30 = 0. Suppose 0 - q = -2*o. Suppose -3*g = 3*d, 7*d - 9 = o*d + 5*g. What is the units digit of d?
1
Let j = 6 + 3. Suppose -w - 5*q = -7 - 14, 2*w - j = q. What is the units digit of w?
6
Let d = 36 - 18. Let z = 30 - d. What is the tens digit of z?
1
What is the units digit of 435/6*(0 + (-4)/(-5))?
8
Suppose 19 = 3*x - j, -x - 5*j = -6*x + 45. Suppose -3*v = -x*n + 3, -3*v + 23 = -v + 5*n. Suppose 12 = v*z - 16. What is the units digit of z?
7
Suppose 2*o - 2371 = -6*p + p, 0 = p + o - 476. Suppose 0 = -3*j + p - 41. What is the tens digit of (3/6)/(4/j)?
1
Suppose 2*g - 5*k = -3, 0*g + 5*g - 4*k - 18 = 0. Suppose g = 3*t - 3. Suppose j = t - 0. What is the units digit of j?
3
Let w(d) = d**3 - 5*d**2 + 1. Let y be w(5). Let o be (-3)/(-3) + (-14)/y. Let x = 27 + o. What is the tens digit of x?
1
Suppose -5*p - 43 - 17 = 0. Suppose -3*v - 3 = 9. Let i = v - p. What is the units digit of i?
8
Let t = 205 - 126. What is the units digit of t?
9
Let t = -8 + 11. Suppose -2*d - t*k + 25 = 0, -3*k + 66 = 3*d - 8*k. Let n = d - 7. What is the tens digit of n?
1
Let q(s) = 16*s**2 + 3*s + 5. What is the units digit of q(3)?
8
Let m(j) = -6*j - 11. What is the units digit of m(-5)?
9
Let i = -32 - -34. Let d be ((-1)/1)/((-3)/36). Suppose i*b = -2*b + d. What is the units digit of b?
3
Let u(k) = 3*k**3 - k**2 + k. Let h be u(1). Suppose 0 = 2*z - 8 + 4. Suppose -l + 37 = 3*j, -38 = j - h*j + z*l. What is the tens digit of j?
1
What is the tens digit of 80/(-5*(-5)/50)?
6
Let a be ((-4)/(-8))/(2/(-8)). What is the units digit of -2 + -1 - (a + -19)?
8
Suppose -5*n - 28 = -553. What is the units digit of n?
5
Suppose -27 = 3*d + 9. Let o(r) = r**2 + 10*r - 5. What is the tens digit of o(d)?
1
What is the units digit of 22/55 - 936/(-10)?
4
What is the units digit of 4/((-8)/(-4)) - -22?
4
Suppose 3*q + 7*u - 9*u - 296 = 0, -3*q = -5*u - 290. What is the units digit of q?
0
Let l(b) = -11*b - 5. What is the units digit of l(-3)?
8
Let f = 34 + 6. What is the tens digit of f?
4
Let p(g) = -1 + 2*g**3 - 5*g**3 + g**2 - g - 3*g**3. What is the units digit of p(-1)?
7
What is the units digit of 372/(-18)*(-6)/4?
1
Let k(f) = -f**3 + 17. Suppose -2*y + 3*y = 0. Suppose 0 = 4*g - 3*i + 2 + 7, -3*i + 9 = y. What is the units digit of k(g)?
7
Suppose -19 = -i + 6. What is the tens digit of i?
2
Let r(w) = -6*w + 3. Let a(l) = 17*l - 9. Let q(g) = 3*a(g) + 8*r(g). What is the units digit of q(3)?
6
Let b be (-11)/(-9) + 8/(-36). Let o = 3 - b. What is the units digit of 5 - ((4 - o) + -1)?
4
Let i be -11*(2 - 1)/1. Let c = 12 + i. What is the units digit of c?
1
Suppose -6*t = -299 - 133. Let n = t - 47. What is the units digit of n?
5
Let t(k) = -k**3 + 6*k**2 + 3*k - 9. Le